 base 11, what is -4 - 102a?
-1033
In base 8, what is -4 + 455?
451
In base 13, what is -95 + 2?
-93
In base 15, what is 70e - 4?
70a
In base 2, what is -11010 - -10110001?
10010111
In base 11, what is -94 + -49?
-132
In base 7, what is 3 + -140?
-134
In base 4, what is -120021 - 11?
-120032
In base 5, what is 320 + -12?
303
In base 14, what is -5a5 - -2?
-5a3
In base 14, what is 2 + 347?
349
In base 10, what is 1715 + 26?
1741
In base 13, what is 1 - -4?
5
In base 3, what is 11012 + 100?
11112
In base 6, what is 22 + 325?
351
In base 2, what is -110 - 11111011?
-100000001
In base 7, what is 2 - -5534?
5536
In base 8, what is 13 + 64?
77
In base 7, what is 22 - -60?
112
In base 5, what is -3 - 400?
-403
In base 15, what is -d0 + 4?
-cb
In base 6, what is -5 + -414?
-423
In base 4, what is 12203 - -2?
12211
In base 5, what is -121 - -10?
-111
In base 4, what is 213111 - -10?
213121
In base 5, what is 312 + 1?
313
In base 5, what is -1 - -2122?
2121
In base 2, what is 101010001001 - 100?
101010000101
In base 3, what is -12202 - 2002?
-21211
In base 8, what is -130 + 6?
-122
In base 16, what is e + -190?
-182
In base 3, what is -222 + 12?
-210
In base 5, what is -41340 - -4?
-41331
In base 5, what is 4 - -1003?
1012
In base 2, what is 10 + -1001011001100?
-1001011001010
In base 10, what is -6414 + 1?
-6413
In base 4, what is 232 + -11323?
-11031
In base 2, what is -11 + -1110100110?
-1110101001
In base 15, what is 12 - -23?
35
In base 13, what is -38 + b0?
75
In base 5, what is 2101 + 11?
2112
In base 6, what is 2 + -43?
-41
In base 13, what is -1 - -3c?
3b
In base 7, what is -36650 - 0?
-36650
In base 8, what is 2 - -2132?
2134
In base 16, what is -17 - 7?
-1e
In base 10, what is 5 - 16?
-11
In base 16, what is -7 + -22?
-29
In base 13, what is 3 - 14b?
-148
In base 5, what is -110 - 1241?
-1401
In base 15, what is -4 - -51?
4c
In base 10, what is -235 + 5?
-230
In base 9, what is 1241 + -2?
1238
In base 8, what is -4063 - -2?
-4061
In base 3, what is -101 - -22022?
21221
In base 6, what is -552 + -1?
-553
In base 9, what is -5 + -184?
-200
In base 5, what is -14134 + 4?
-14130
In base 7, what is -133 - -2?
-131
In base 14, what is 3ad - d?
3a0
In base 13, what is -79 + -27?
-a3
In base 7, what is -6012 + -3?
-6015
In base 2, what is 100 - 11110111?
-11110011
In base 7, what is -5 + 6?
1
In base 6, what is 0 + -203?
-203
In base 11, what is -30 + -1?
-31
In base 16, what is d + -2?
b
In base 14, what is 7 + -870?
-867
In base 5, what is -10 + 2413?
2403
In base 8, what is 15 + -426?
-411
In base 3, what is -11002 - -211?
-10021
In base 2, what is -1 + 1?
0
In base 11, what is 3 + -16?
-13
In base 9, what is -3 + -20?
-23
In base 2, what is -11011 - 100?
-11111
In base 5, what is 10 + 42304?
42314
In base 5, what is 1210 + 4?
1214
In base 6, what is 354 - -3?
401
In base 14, what is 138d - -1?
1390
In base 2, what is 100110 - -10101?
111011
In base 14, what is 58 - -5?
5d
In base 15, what is 1 + 46?
47
In base 9, what is 724 + -16?
707
In base 14, what is -11 - 50?
-61
In base 5, what is -122 - 42?
-214
In base 13, what is -7 - a?
-14
In base 8, what is 501 - -3?
504
In base 3, what is -12202120 + 2?
-12202111
In base 16, what is -b - 37?
-42
In base 5, what is -144 - 22?
-221
In base 4, what is 0 + -22?
-22
In base 15, what is -43ad + 5?
-43a8
In base 8, what is 1 + -123?
-122
In base 4, what is 100313 + -22?
100231
In base 16, what is 25 + 9b?
c0
In base 3, what is -111212 - -2?
-111210
In base 14, what is -1 - -154?
153
In base 12, what is -4b67 + -5?
-4b70
In base 4, what is 0 + -10221?
-10221
In base 4, what is -321 + 310?
-11
In base 6, what is -5 + 133?
124
In base 5, what is 1120 - -3?
1123
In base 10, what is -12 + -114?
-126
In base 9, what is -627 + -13?
-641
In base 8, what is -26172 - -5?
-26165
In base 10, what is 1086 + 4?
1090
In base 15, what is 3 + 3c?
40
In base 9, what is -5 + 54?
48
In base 11, what is -2a + 28?
-2
In base 8, what is 111 + -7?
102
In base 2, what is -1 - -1011001?
1011000
In base 14, what is 11c8a + 3?
11c8d
In base 11, what is -2 + -67?
-69
In base 3, what is -2222 + -221?
-10220
In base 3, what is -2 - 1201?
-1210
In base 8, what is 122 + 12?
134
In base 11, what is -590 - -3?
-588
In base 10, what is 85 + 213?
298
In base 16, what is -17 + -36?
-4d
In base 16, what is -4 - -389?
385
In base 8, what is 463 - -2?
465
In base 11, what is -2 + 111?
10a
In base 5, what is 143 - -113?
311
In base 6, what is -3 - -1134?
1131
In base 14, what is -a + 19b?
191
In base 12, what is -b5 - -a?
-a7
In base 15, what is 1 - -284?
285
In base 16, what is -2 - 62?
-64
In base 15, what is 117 - -8?
120
In base 4, what is -2 + 13210?
13202
In base 15, what is 9 - 12?
-8
In base 11, what is 0 - -646?
646
In base 11, what is 5 + 78?
82
In base 11, what is -51a - 2?
-521
In base 8, what is 1 + -64?
-63
In base 2, what is 101 - 11001101?
-11001000
In base 15, what is 3 + 305?
308
In base 15, what is -9a + 6?
-94
In base 12, what is 29 - 11?
18
In base 16, what is e2 - -e?
f0
In base 9, what is -4 - 221?
-225
In base 2, what is 10 + 11100?
11110
In base 11, what is -7 - -1?
-6
In base 4, what is -222 - -2?
-220
In base 2, what is -11 + 101111?
101100
In base 15, what is 0 - -50?
50
In base 4, what is -103303 + 0?
-103303
In base 12, what is 0 + -19?
-19
In base 8, what is 4 + 641?
645
In base 9, what is -3 - -62?
58
In base 6, what is -15255 - -1?
-15254
In base 11, what is -566 + 2?
-564
In base 16, what is -c - 1?
-d
In base 8, what is 23052 - -2?
23054
In base 9, what is -146 - 3?
-150
In base 6, what is -12 + -124?
-140
In base 16, what is -3 - -6c0?
6bd
In base 13, what is 650 + -2?
64b
In base 5, what is -10 - -42143?
42133
In base 14, what is -48 - 6?
-50
In base 13, what is -16 + -8?
-21
In base 4, what is 223 - -210?
1033
In base 10, what is -16 + 43?
27
In base 10, what is 104 + 5?
109
In base 12, what is 80 + -3?
79
In base 15, what is 2 - 2?
0
In base 16, what is -6 + 1?
-5
In base 12, what is -2 + 49?
47
In base 7, what is -10 + 1040?
1030
In base 12, what is -211a - 0?
-211a
In base 13, what is 1 + -a8?
-a7
In base 5, what is 2133 + 1112?
3300
In base 10, what is -1481 - -4?
-1477
In base 14, what is -4 - -1d54?
1d50
In base 16, what is -23f + -1?
-240
In base 10, what is 0 + -496?
-496
In base 4, what is -22 + -321?
-1003
In base 4, what is -101 - 3?
-110
In base 8, what is 1622 + -2?
1620
In base 3, what is 112110 - -1?
112111
In base 11, what is 3 - -3?
6
In base 13, what is 6ab - 3?
6a8
In base 15, what is 11 + -a?
6
In base 6, what is -442 + 2?
-440
In base 16, what is -6 + -546?
-54c
In base 12, what is -17b0 - -3?
-17a9
In base 14, what is -3 - 38b?
-390
In base 6, what is 141 + -15?
122
In base 14, what is -3 + -115?
-118
In base 10, what is -2018 - 1?
-2019
In base 13, what is -1 - 1c8?
-1c9
In base 9, what is -20 - -2?
-17
In base 8, what is -324 + -4?
-330
In base 16, what is -3 + -18?
-1b
In base 7, what is 5255 - -2?
5260
In base 11, what is 2 - -a5?
a7
In base 11, what is 1 + -460?
-45a
In base 6, what is 32144 + 5?
32153
In base 3, what is -2021 - 102?
-2200
In base 15, what is 91d - -2?
920
In base 10, what is 2 - 145?
-143
In base 3, what is -1022202 + 101?
-1022101
In base 5, what is 0 + -234313?
-234313
In base 10, what is 3 + 26?
29
In base 8, what is -34144 - -5?
-34137
In base 15, what is -5 - 11?
-16
In base 15, what is 1be2 + -5?
1bdc
In base 8, what is 67 + 45?
134
In base 13, what is -2a9 - -4?
-2a5
In base 5, what is -130 + 14?
-111
In base 9, what is 14077 + 0?
14077
In base 12, what is -1101a - 4?
-11022
In base 6, what is 100 + -14?
42
In base 13, what is -4 + 71?
6a
In base 8, what is 276 - -76?
374
In base 12, what is 2 + -139?
-137
In base 7, what is 60 + 11?
101
In base 2, what is 111111 + -10001?
101110
In base 13, what is 163 - 4c?
114
In base 2, what is -1100111 - 100?
-1101011
In base 10, what is 33 + -16?
17
In base 2, what is 101 + -111111010100?
-111111001111
In base 4, what is -1 + 2020?
2013
In base 16, what is -159 + -1c?
-175
In base 5, what is 312 - 4?
303
In base 7, what is -25533 - -5?
-25525
In base 12, what is -1 - -13?
12
In base 12, what is 118b - -5?
1194
In base 6, what is -355 + -103?
-502
In base 11, what is 2 + 13?
15
In base 3, what is -222000 - -12?
-221